{"id":10,"date":"2025-01-13T20:05:04","date_gmt":"2025-01-13T20:05:04","guid":{"rendered":"https:\/\/sanpetoil.com.tr\/?page_id=10"},"modified":"2025-01-13T20:05:04","modified_gmt":"2025-01-13T20:05:04","slug":"cart","status":"publish","type":"page","link":"https:\/\/sanpetoil.com.tr\/?page_id=10","title":{"rendered":"Cart"},"content":{"rendered":"<div data-block-name=\"woocommerce\/cart\" class=\"wp-block-woocommerce-cart alignwide is-loading\"><div data-block-name=\"woocommerce\/filled-cart-block\" class=\"wp-block-woocommerce-filled-cart-block\"><div data-block-name=\"woocommerce\/cart-items-block\" class=\"wp-block-woocommerce-cart-items-block\"><div data-block-name=\"woocommerce\/cart-line-items-block\" class=\"wp-block-woocommerce-cart-line-items-block\"><\/div>\n\n<div data-block-name=\"woocommerce\/cart-cross-sells-block\" class=\"wp-block-woocommerce-cart-cross-sells-block\"><h2 class=\"wp-block-heading has-large-font-size\">You may be interested in\u2026<\/h2>\n\n<div data-block-name=\"woocommerce\/cart-cross-sells-products-block\" class=\"wp-block-woocommerce-cart-cross-sells-products-block\"><\/div><\/div><\/div>\n\n<div data-block-name=\"woocommerce\/cart-totals-block\" class=\"wp-block-woocommerce-cart-totals-block\"><div data-block-name=\"woocommerce\/cart-order-summary-block\" class=\"wp-block-woocommerce-cart-order-summary-block\"><div data-block-name=\"woocommerce\/cart-order-summary-heading-block\" class=\"wp-block-woocommerce-cart-order-summary-heading-block\"><\/div><div data-block-name=\"woocommerce\/cart-order-summary-coupon-form-block\" class=\"wp-block-woocommerce-cart-order-summary-coupon-form-block\"><\/div><div data-block-name=\"woocommerce\/cart-order-summary-totals-block\" class=\"wp-block-woocommerce-cart-order-summary-totals-block\">\n<div data-block-name=\"woocommerce\/cart-order-summary-subtotal-block\" class=\"wp-block-woocommerce-cart-order-summary-subtotal-block\"><\/div>\n<div data-block-name=\"woocommerce\/cart-order-summary-discount-block\" class=\"wp-block-woocommerce-cart-order-summary-discount-block\"><\/div>\n<div data-block-name=\"woocommerce\/cart-order-summary-fee-block\" class=\"wp-block-woocommerce-cart-order-summary-fee-block\"><\/div>\n<div data-block-name=\"woocommerce\/cart-order-summary-shipping-block\" class=\"wp-block-woocommerce-cart-order-summary-shipping-block\"><\/div>\n<div data-block-name=\"woocommerce\/cart-order-summary-taxes-block\" class=\"wp-block-woocommerce-cart-order-summary-taxes-block\"><\/div><\/div><\/div>\n\n<div data-block-name=\"woocommerce\/cart-express-payment-block\" class=\"wp-block-woocommerce-cart-express-payment-block\"><\/div>\n\n<div data-block-name=\"woocommerce\/proceed-to-checkout-block\" class=\"wp-block-woocommerce-proceed-to-checkout-block\"><\/div>\n\n<div data-block-name=\"woocommerce\/cart-accepted-payment-methods-block\" class=\"wp-block-woocommerce-cart-accepted-payment-methods-block\"><\/div><\/div><\/div>\n\n<div data-block-name=\"woocommerce\/empty-cart-block\" class=\"wp-block-woocommerce-empty-cart-block\"><h2 class=\"wp-block-heading has-text-align-center with-empty-cart-icon wc-block-cart__empty-cart__title\">Your cart is currently empty!<\/h2>\n\n<hr class=\"wp-block-separator has-alpha-channel-opacity is-style-dots\"\/>\n\n<h2 class=\"wp-block-heading has-text-align-center\">New in store<\/h2>\n\n<div data-block-name=\"woocommerce\/product-new\" data-columns=\"4\" data-rows=\"1\" class=\"wc-block-grid wp-block-product-new wp-block-woocommerce-product-new wc-block-product-new has-4-columns\"><ul class=\"wc-block-grid__products\"><li class=\"wc-block-grid__product\">\n\t\t\t\t<a href=\"https:\/\/sanpetoil.com.tr\/?product=woil-otomotiv-yagi\" class=\"wc-block-grid__product-link\">\n\t\t\t\t\t<div class=\"wc-block-grid__product-onsale\">\n\t\t\t<span aria-hidden=\"true\">\u0130ndirim<\/span>\n\t\t\t<span class=\"screen-reader-text\">\u0130ndirimdeki \u00fcr\u00fcn<\/span>\n\t\t<\/div>\n\t\t\t\t\t<div class=\"wc-block-grid__product-image\"><img fetchpriority=\"high\" decoding=\"async\" width=\"300\" height=\"300\" src=\"https:\/\/sanpetoil.com.tr\/wp-content\/uploads\/2025\/01\/WoilGoldDropSeries5W301lt-300x300.png\" class=\"attachment-woocommerce_thumbnail size-woocommerce_thumbnail\" alt=\"Woil Otomotiv Ya\u011f\u0131\" srcset=\"https:\/\/sanpetoil.com.tr\/wp-content\/uploads\/2025\/01\/WoilGoldDropSeries5W301lt-300x300.png 300w, https:\/\/sanpetoil.com.tr\/wp-content\/uploads\/2025\/01\/WoilGoldDropSeries5W301lt-1024x1024.png 1024w, https:\/\/sanpetoil.com.tr\/wp-content\/uploads\/2025\/01\/WoilGoldDropSeries5W301lt-150x150.png 150w, https:\/\/sanpetoil.com.tr\/wp-content\/uploads\/2025\/01\/WoilGoldDropSeries5W301lt-768x768.png 768w, https:\/\/sanpetoil.com.tr\/wp-content\/uploads\/2025\/01\/WoilGoldDropSeries5W301lt-100x100.png 100w, https:\/\/sanpetoil.com.tr\/wp-content\/uploads\/2025\/01\/WoilGoldDropSeries5W301lt-40x40.png 40w, https:\/\/sanpetoil.com.tr\/wp-content\/uploads\/2025\/01\/WoilGoldDropSeries5W301lt-600x600.png 600w, https:\/\/sanpetoil.com.tr\/wp-content\/uploads\/2025\/01\/WoilGoldDropSeries5W301lt-50x50.png 50w, https:\/\/sanpetoil.com.tr\/wp-content\/uploads\/2025\/01\/WoilGoldDropSeries5W301lt.png 1080w\" sizes=\"(max-width: 300px) 100vw, 300px\" \/><\/div>\n\t\t\t\t\t<div class=\"wc-block-grid__product-title\">Woil Otomotiv Ya\u011f\u0131<\/div>\n\t\t\t\t<\/a>\n\t\t\t\t<div class=\"wc-block-grid__product-price price\"><del aria-hidden=\"true\"><span class=\"woocommerce-Price-amount amount\"><span class=\"woocommerce-Price-currencySymbol\">&#036;<\/span>1,500.00<\/span><\/del> <span class=\"screen-reader-text\">Orijinal fiyat: &#036;1,500.00.<\/span><ins aria-hidden=\"true\"><span class=\"woocommerce-Price-amount amount\"><span class=\"woocommerce-Price-currencySymbol\">&#036;<\/span>1,000.00<\/span><\/ins><span class=\"screen-reader-text\">\u015eu andaki fiyat: &#036;1,000.00.<\/span><\/div>\n\t\t\t\t\n\t\t\t\t<div class=\"wp-block-button wc-block-grid__product-add-to-cart\"><a href=\"?add-to-cart=7682\" aria-label=\"Sepete ekle: \u201cWoil Otomotiv Ya\u011f\u0131\u201d\" data-quantity=\"1\" data-product_id=\"7682\" data-product_sku=\"\" data-price=\"1000\" rel=\"nofollow\" class=\"wp-block-button__link  add_to_cart_button ajax_add_to_cart\">Sepete Ekle<\/a><\/div>\n\t\t\t<\/li><li class=\"wc-block-grid__product\">\n\t\t\t\t<a href=\"https:\/\/sanpetoil.com.tr\/?product=woven-shield-sunglasses\" class=\"wc-block-grid__product-link\">\n\t\t\t\t\t\n\t\t\t\t\t<div class=\"wc-block-grid__product-image\"><img decoding=\"async\" width=\"300\" height=\"300\" src=\"https:\/\/sanpetoil.com.tr\/wp-content\/uploads\/2018\/12\/4083571621952_1423788146752-1-300x300.jpg\" class=\"attachment-woocommerce_thumbnail size-woocommerce_thumbnail\" alt=\"Woven Shield Sunglasses\" srcset=\"https:\/\/sanpetoil.com.tr\/wp-content\/uploads\/2018\/12\/4083571621952_1423788146752-1-300x300.jpg 300w, https:\/\/sanpetoil.com.tr\/wp-content\/uploads\/2018\/12\/4083571621952_1423788146752-1-100x100.jpg 100w, https:\/\/sanpetoil.com.tr\/wp-content\/uploads\/2018\/12\/4083571621952_1423788146752-1-150x150.jpg 150w, https:\/\/sanpetoil.com.tr\/wp-content\/uploads\/2018\/12\/4083571621952_1423788146752-1-40x40.jpg 40w, https:\/\/sanpetoil.com.tr\/wp-content\/uploads\/2018\/12\/4083571621952_1423788146752-1-50x50.jpg 50w\" sizes=\"(max-width: 300px) 100vw, 300px\" \/><\/div>\n\t\t\t\t\t<div class=\"wc-block-grid__product-title\">Woven Shield Sunglasses<\/div>\n\t\t\t\t<\/a>\n\t\t\t\t<div class=\"wc-block-grid__product-price price\"><\/div>\n\t\t\t\t\n\t\t\t\t<div class=\"wp-block-button wc-block-grid__product-add-to-cart\"><a href=\"https:\/\/sanpetoil.com.tr\/?product=woven-shield-sunglasses\" aria-label=\"&ldquo;Woven Shield Sunglasses&rdquo; i\u00e7in se\u00e7enekleri se\u00e7in\" data-quantity=\"1\" data-product_id=\"3912\" data-product_sku=\"1423788146752\" data-price=\"210\" rel=\"nofollow\" class=\"wp-block-button__link  add_to_cart_button\">Se\u00e7enekler<\/a><\/div>\n\t\t\t<\/li><li class=\"wc-block-grid__product\">\n\t\t\t\t<a href=\"https:\/\/sanpetoil.com.tr\/?product=wokiee-theme\" class=\"wc-block-grid__product-link\">\n\t\t\t\t\t\n\t\t\t\t\t<div class=\"wc-block-grid__product-image\"><img decoding=\"async\" width=\"300\" height=\"300\" src=\"https:\/\/sanpetoil.com.tr\/wp-content\/uploads\/2018\/12\/4083460243520_1423763406912-1-300x300.jpg\" class=\"attachment-woocommerce_thumbnail size-woocommerce_thumbnail\" alt=\"Wokiee Theme\" srcset=\"https:\/\/sanpetoil.com.tr\/wp-content\/uploads\/2018\/12\/4083460243520_1423763406912-1-300x300.jpg 300w, https:\/\/sanpetoil.com.tr\/wp-content\/uploads\/2018\/12\/4083460243520_1423763406912-1-100x100.jpg 100w, https:\/\/sanpetoil.com.tr\/wp-content\/uploads\/2018\/12\/4083460243520_1423763406912-1-150x150.jpg 150w, https:\/\/sanpetoil.com.tr\/wp-content\/uploads\/2018\/12\/4083460243520_1423763406912-1-40x40.jpg 40w, https:\/\/sanpetoil.com.tr\/wp-content\/uploads\/2018\/12\/4083460243520_1423763406912-1-50x50.jpg 50w\" sizes=\"(max-width: 300px) 100vw, 300px\" \/><\/div>\n\t\t\t\t\t<div class=\"wc-block-grid__product-title\">Wokiee Theme<\/div>\n\t\t\t\t<\/a>\n\t\t\t\t<div class=\"wc-block-grid__product-price price\"><span class=\"woocommerce-Price-amount amount\"><span class=\"woocommerce-Price-currencySymbol\">&#036;<\/span>60.00<\/span><\/div>\n\t\t\t\t<div class=\"wc-block-grid__product-rating\"><i class=\"icon-star\"><\/i><i class=\"icon-star\"><\/i><i class=\"icon-star\"><\/i><i class=\"icon-star\"><\/i><i class=\"icon-star\"><\/i><\/div>\n\t\t\t\t<div class=\"wp-block-button wc-block-grid__product-add-to-cart\"><a href=\"https:\/\/sanpetoil.com.tr\/?product=wokiee-theme\" aria-label=\"&ldquo;Wokiee Theme&rdquo; hakk\u0131nda daha fazla bilgi edinin\" data-quantity=\"1\" data-product_id=\"3910\" data-product_sku=\"1423763406912\" data-price=\"60\" rel=\"nofollow\" class=\"wp-block-button__link  add_to_cart_button\">Devam\u0131n\u0131 oku<\/a><\/div>\n\t\t\t<\/li><li class=\"wc-block-grid__product\">\n\t\t\t\t<a href=\"https:\/\/sanpetoil.com.tr\/?product=wimbledon-cross-court-cap\" class=\"wc-block-grid__product-link\">\n\t\t\t\t\t\n\t\t\t\t\t<div class=\"wc-block-grid__product-image\"><img loading=\"lazy\" decoding=\"async\" width=\"300\" height=\"300\" src=\"https:\/\/sanpetoil.com.tr\/wp-content\/uploads\/2018\/12\/4083525451840_1423778316352-1-300x300.jpg\" class=\"attachment-woocommerce_thumbnail size-woocommerce_thumbnail\" alt=\"Wimbledon Cross Court Cap\" srcset=\"https:\/\/sanpetoil.com.tr\/wp-content\/uploads\/2018\/12\/4083525451840_1423778316352-1-300x300.jpg 300w, https:\/\/sanpetoil.com.tr\/wp-content\/uploads\/2018\/12\/4083525451840_1423778316352-1-100x100.jpg 100w, https:\/\/sanpetoil.com.tr\/wp-content\/uploads\/2018\/12\/4083525451840_1423778316352-1-150x150.jpg 150w, https:\/\/sanpetoil.com.tr\/wp-content\/uploads\/2018\/12\/4083525451840_1423778316352-1-40x40.jpg 40w, https:\/\/sanpetoil.com.tr\/wp-content\/uploads\/2018\/12\/4083525451840_1423778316352-1-50x50.jpg 50w\" sizes=\"(max-width: 300px) 100vw, 300px\" \/><\/div>\n\t\t\t\t\t<div class=\"wc-block-grid__product-title\">Wimbledon Cross Court Cap<\/div>\n\t\t\t\t<\/a>\n\t\t\t\t<div class=\"wc-block-grid__product-price price\"><\/div>\n\t\t\t\t\n\t\t\t\t<div class=\"wp-block-button wc-block-grid__product-add-to-cart\"><a href=\"https:\/\/sanpetoil.com.tr\/?product=wimbledon-cross-court-cap\" aria-label=\"&ldquo;Wimbledon Cross Court Cap&rdquo; i\u00e7in se\u00e7enekleri se\u00e7in\" data-quantity=\"1\" data-product_id=\"3907\" data-product_sku=\"1423778316352\" data-price=\"200\" rel=\"nofollow\" class=\"wp-block-button__link  add_to_cart_button\">Se\u00e7enekler<\/a><\/div>\n\t\t\t<\/li><\/ul><\/div><\/div><\/div>","protected":false},"excerpt":{"rendered":"","protected":false},"author":1,"featured_media":0,"parent":0,"menu_order":0,"comment_status":"closed","ping_status":"closed","template":"","meta":{"footnotes":""},"class_list":["post-10","page","type-page","status-publish","hentry"],"_links":{"self":[{"href":"https:\/\/sanpetoil.com.tr\/index.php?rest_route=\/wp\/v2\/pages\/10","targetHints":{"allow":["GET"]}}],"collection":[{"href":"https:\/\/sanpetoil.com.tr\/index.php?rest_route=\/wp\/v2\/pages"}],"about":[{"href":"https:\/\/sanpetoil.com.tr\/index.php?rest_route=\/wp\/v2\/types\/page"}],"author":[{"embeddable":true,"href":"https:\/\/sanpetoil.com.tr\/index.php?rest_route=\/wp\/v2\/users\/1"}],"replies":[{"embeddable":true,"href":"https:\/\/sanpetoil.com.tr\/index.php?rest_route=%2Fwp%2Fv2%2Fcomments&post=10"}],"version-history":[{"count":0,"href":"https:\/\/sanpetoil.com.tr\/index.php?rest_route=\/wp\/v2\/pages\/10\/revisions"}],"wp:attachment":[{"href":"https:\/\/sanpetoil.com.tr\/index.php?rest_route=%2Fwp%2Fv2%2Fmedia&parent=10"}],"curies":[{"name":"wp","href":"https:\/\/api.w.org\/{rel}","templated":true}]}}